e (-3 - (-7 - -2)) + (-7 + 54 - -5) + -10.
44
What is (-35 - (-74 + 81 - (-1 - -8))) + (10 - 15)?
-40
Calculate -1554 + 1504 - (-69 + 0).
19
Evaluate 139 - (195 + (-24 - 109)).
77
Evaluate 1 + -2 + 0 + 46 + 32176 + -32185.
36
What is (2 - (21 + 2)) + -6543 + 6545?
-19
Evaluate -157 + 77 + 101 + -2 + (41 - -5).
65
What is 96 - (-132 + 239) - (-1 + 2 - -14)?
-26
Calculate (-5 - -14 - (5 + 1) - -2) + 4.
9
Evaluate -62 + (81 - (65 + 17)).
-63
What is the value of 8 + 9 + (24 - 9 - 27 - -2)?
7
Calculate -59 + -25 + 33 + 12.
-39
-5 + 1 + -8 - (-778 - -824)
-58
(-1 - 21) + -9770 + 9843
51
What is -33 + 89 + (37 - (51 + 20))?
22
What is the value of 76 + -91 - (60 - 28)?
-47
Calculate (189 - 94 - 103) + 8 + 1.
1
-10 + -1 - ((6 - -1) + (6 + 14 - -39))
-77
What is the value of 14 + (43 - (92 - 53))?
18
16 + 6 + 13 - (1 - (1 - (3 + 3)))
29
Evaluate 12 - ((67 + -65 - (4 - -2)) + -8).
24
(2 - 2) + 2 + -8 - (55 - (154 - 45))
48
(1 + -5 - ((20 - 15) + -7)) + 15
13
What is the value of -26 + (-38 - 7) + 92 + (1 - 102)?
-80
Calculate -6 + -3 + -6 + 3 + (20 - 8) + -16.
-16
What is -6 + -1 - (-10 + (-5 - (13 - 12))) - -11?
20
What is the value of -81 + 170 - 82 - (-5 + (-2 - -3)) - 60?
-49
Calculate (-3 - (-23 - (17 + -16))) + 10.
31
Evaluate 2 + 7 + 2 + -2 - (-18 + (-13 - -3)).
37
0 + -14 - (250 - (11 - -244))
-9
Evaluate -47 - (-3 + (-7 + 0 - -3 - -8)).
-48
Calculate 0 + -8 + 1 - (33 - (-33 - -74 - 8)).
-7
Evaluate (5 - 3) + -21 + 6 + 8 + -7.
-12
What is the value of 43 - 31 - (-17 - -16 - -20)?
-7
Calculate 14 - (-12 + 44 + 18) - -19.
-17
(1 - 16) + -866 + 949
68
Evaluate (-5 - -14) + 10 - ((-6 - 1) + 14).
12
What is the value of 120 - (-8 + 0 - (-131 - (-134 - -22)))?
109
-39 - (-35 - (22 - 58))
-40
Calculate -1 + (52 + (-17 - -24) - (-7 - -3)).
62
What is the value of 6 + -2 - (669 + -608 + (-1 - -2) + 5)?
-63
Calculate -6 - (-99 - -110 - (-1 - 32)).
-50
Evaluate -54 - (9 + -25 + (-3 - -43)).
-78
What is the value of (-15993 - -15998) + -82 + 1?
-76
What is the value of -7 + (61 + -47 - (-1 + 10)) - -65?
63
Calculate -14369 - -14441 - (-1 - -74).
-1
What is the value of (2 - 3) + (83 - (-1 - -2)) - (-12 - -23)?
70
What is the value of -102 - -15 - (82 - 203)?
34
Evaluate -11 + (-6 - (7 + -6)) + -21 - (-17 + 9).
-31
What is 12 + -44 - (-35 + 14)?
-11
What is -2380 + 2358 - (-2 - -39)?
-59
Evaluate 27 - (8 - 34) - 10.
43
Calculate -8 + 4 + 40 + (-14 - -2 - -8).
32
What is -71 + (-9 - (-12 + -24 - -8))?
-52
Evaluate (-2139 - -2170) + (-2 - 5) + -95.
-71
Evaluate -50 + 11 - (-34 + 47).
-52
Evaluate -14 + 6 + -9 + (33 - 49).
-33
-19 + (1 - -1) + (52 - -4)
39
Evaluate (-1 + -22 - 0) + 17 - (2 + 57).
-65
What is 65 + -101 - -58 - 117?
-95
Calculate -12 - (-69 + 4 + (-20 - (22 - 16 - 14))).
65
Evaluate -19 + (2 - (-19 + -3)) + 105.
110
Evaluate -10 + -4 + -644 + 707.
49
What is (2 - -46) + -224 + 206 - 99?
-69
(-15 + -1 - -8) + 3 + -6 + 74
63
Calculate 28 + -25 - (-144 - -115).
32
What is -36 + 1 - (-513 + 477) - (3 - (0 - 2))?
-4
What is (5 + -1 - 4) + (7 - 69) + 32 + -26?
-56
What is -23 + (-5 - (1 - 10)) + 130 + -132?
-21
What is (0 - 0) + (-23 - -3) - -4?
-16
Evaluate (-85 - -16) + 53 - (-6 + 52).
-62
Calculate -8 + -11 + (88 - (39 + -9)).
39
30 + 3 + -31 + (-20 + -6 + 10 - -8)
-6
Calculate 16 - ((178 + -183 - (0 - 89)) + 4).
-72
Evaluate (-5 - 46) + (-1 - (-3 - (-8 - -11))).
-46
Calculate 40 - (6 + 69) - -54.
19
What is (-45 - -39) + 12 + (-5 - -66) + -11?
56
Evaluate 3 + (-5 - (-17 + 5)) - (36 - (37 + -4)).
7
What is 10 + -19 + 35 + -2 + -53?
-29
Calculate -42 + 28 + -11 + 17 + -3 + 99.
88
Calculate 4 + (26 - (-1 + 0 + (10 - 6))) + -3.
24
22 + -22 + 8 + -2 + -59 + 5 + -3
-51
Evaluate -5 - (-47 - -52) - (-16 + -2 + 5).
3
(-16 - (-39 + 21)) + 5 - 10
-3
Calculate 15 + -25 + (32 + -2 - 14).
6
Calculate (35 - 74) + (-1 - -31) - (2 + -1 + 1).
-11
What is the value of (-32 - -5) + (55 - 1) + 54?
81
-2 + 2 + -32 - ((412 - 154) + -236)
-54
Calculate (81 + -45 - -12 - 79) + 0 + (-4 - -2).
-33
Evaluate -12 - (0 - (-20 + -7 + 23)).
-16
Calculate 20 + 35 + (9 - 0) - (24 + -10).
50
8 + (8 + 1 + 1 - (-2 + 33)) - -4
-9
Evaluate 3 + (-4 - -15 - (54 - 6) - (0 - -11)).
-45
What is (-199 - -401) + -205 - (-10 - (2 + (-2 - -2)))?
9
What is the value of (21 + -9 - (-6 - -20)) + (22 - -2)?
22
Calculate 16 + 13 - -22 - 39.
12
Evaluate -25 - ((-8 - 8) + 9 + 7).
-25
What is the value of (-10 - -3) + -10 + (7 - 2) + 3?
-9
Evaluate -1 + -6 + (-44 + 157 - 97).
9
Calculate (4 + 3 + 20 - 15) + -10.
2
Evaluate -40 - (-68 + 47) - (3 + (-2 - -11)).
-31
Evaluate 5 - (37 - (-18 + -22 + 17)).
-55
Evaluate (1 - -43) + (-55 - (-130 + 56)).
63
Calculate -151 - 1 - (16 + 4 - 3 - (-905 - -933)).
-141
Calculate (-2 - -73) + -11 + 5 + -6 + -1.
58
Calculate -1 - (-18 + -2 + 7 - (21 - 56)).
-23
Evaluate (1 - -128) + -7888 + 7814.
55
Evaluate 5 + 6 + (2 - 16) - ((-1 - 0) + 23).
-25
(-45 - ((-27 - -23) + -7)) + 47
13
-55 + (82 - 21) + 3
9
Evaluate 1066 + -1011 - (0 - -64).
-9
What is the value of -89 + 130 + (-11 - -3)?
33
5 + (10 - 10) + -10 - (28 - -16 - -11)
-60
What is 10 + (-29 - -59 - -2 - (-7 + -12))?
61
What is -2 + -23 + 11 - -11 - (23 + 4)?
-30
35 - ((-13 - -38) + -42) - 27
25
Calculate (-28 - (-50 - (7 - -1))) + -101.
-71
Evaluate 12 + (-19 + 6 - 0) + 8 + 3.
10
-52 + -5 - (44 + (73 - 125))
-49
What is 96 - (49 + (245 - 121))?
-77
15 + 1 + -32 + 9 + -19
-26
What is (45 - 89) + 57 - (-1 - -14) - 0?
0
1714 + -1628 + 1 + -85
2
What is the value of 6 + (0 - 18) - (-24 - (-36 - -14))?
-10
(28 - (54 + -27)) + -35
-34
Evaluate -1796 + 1782 - (4 + 74).
-92
66 - (87 - (-75 - -139))
43
(2060 - 2077) + (14 - -1) + -1 + 15
12
What is the value of (14 - 26) + -26 + 22 - 4?
-20
What is -21 + 0 - (-12 + -1 + 26 + (-14 - -14))?
-34
Evaluate (-12 - (-80 - -6) - (-24 - -30)) + -10.
46
(-15 - -1) + 6 + -48 + 4 + -3
-55
What is the value of -2 + 0 + 0 + (112 - -1) + -123 + 127?
115
What is the value of (21 - (24 + -47)) + (5 - (2 + 0 + -5))?
52
What is (299 - 296) + -1 + -1 + -1 - 2?
-2
57 + -18 + -38 + -17 + (3 - (-2 + 1))
-12
What is 4 - ((-1 - -49) + (189 + -178 - (1 + 1)))?
-53
Evaluate -33 + (5 - (22 + -26)) - -15.
-9
What is (16 - -6 - 27) + 34 + -1 + -6?
22
Calculate -16 + -16 + 30 + (3 - -28) + -2.
27
Calculate -26 + (13 - -26 - -39).
52
What is the value of -57 - -66 - (9 + -14 + 55)?
-41
Evaluate 23 - (-6 + 2 + 8) - (-199 + 282).
-64
What is -46 + (-9 + 39 - -14)?
-2
Evaluate -3 + 0 - 74 - (-47 + (26 - (22 - 31))).
-65
35 + (-132 - 80) - -108
-69
What is the value of -2 - -16 - (95 + 23 + (-14 - 23))?
-67
5 - ((-2 - -5) + -44 + (140 - 45))
-49
Calculate 1 + 4 - (34 + 2 + 41 + -28).
-44
Evaluate (-19 - 2) + (-298 - -112 - -134).
-73
Evaluate -102 + (21 - (-14 - 31 - -93)).
-129
What is -150 + (95 - -27) + 153?
125
What is -37 - (495 + -534 + (0 - 22))?
24
What is (1 - -7 - 4) + -5 + (-26 - 83) + 36?
-74
Evaluate -17 - (99 - (-231 - -228 - (-2 - -16))).
-133
What is 4 - (-20 + (-3 + -5 + 0 + 4 - -6))?
22
Calculate -19 + 1 + 4 - (-8 + (-1 - -4)).
-9
Evaluate 29 + (51 - 27) + -73.
-20
Calculate 50 + (13 - (11 + -2 - -20) - -8).
42
What is the value of 22 + -88 + (-19 - -74)?
-11
What is -7 - (-12 + (-15 + 9 - -61))?
-50
Evaluate 4 - -95 - (6590 - 6522).
31
-6 - (-94 - (16 - (6 + 25)))
73
Evaluate -25 - (-40 + 46 - 16).
-15
-14 - ((30 - 18) + 6) - 76
-108
What is (-20 - (-16 - -3)) + 18 + -55 + 0?
-44
What is 9 - (-30 + 56 + -31 - (12 + (-1 - 0)))?
25
72 - (-16 + 53 - -13)
22
(2 - ((15 - 12) + 2)) + 5 + -12
-10
Evaluate (5 - (10 + -2 + (-6 - -4))) + -8.
-9
Calculate 0 - (0 + -5) - (-22 - -89) - -8.
-54
Evaluate (7209 - 7223) + (-2 + (-11 - 2) - (-3 - -1)).
-27
What is the value of (1 - -80) + (-2797 - -2706)?
-10
What is the value of 28 - ((874 - 873) + -55 + 1)?
81
What is -12 + (75 - 64) + (47 - 0)?
46
Evaluate (28 - (-9 + -4)) + -31.
10
What is the value of 7482 + -7338 - (31 - 2)?
115
Evaluate 38 - (2 + -2 + -2) - (31 - 60 - -20).
49
Calculate 23 + (-13 - -1 - (1673 - 1676)).
14
What is (0 + -6 - -4) + (-14 + 23 - (57 + -4))?
-46
Evaluate 54 + (-3 + 4 - (114 - 116)).
57
Calculate 13 - (4 - 2) - (24 - 48).
35
What is (8 - ((0 - -13) + 3)) + -3 + -7?
-18
Evaluate -34 + ((-5 - -64) + -19 - 14).
-8
What is the value of 14 + -3 + -14 + (9 - -30) + (3 - -3)?
42
Calculate -5 + -5 + -18 + -7 + 10 + (39 - 9).
5